q - 90. What is the remainder when 159 is divided by q?
9
Let u(v) be the first derivative of v**3 + 3*v**2 + 7*v - 3. What is the remainder when u(-4) is divided by 17?
14
Suppose 0*s - 77 = -4*x - s, 3*s = 4*x - 73. What is the remainder when 74 is divided by x?
17
Calculate the remainder when 55 is divided by 0/(-2) - (2 - 12).
5
Let y = 25 - 19. Suppose 0 = -4*w - 2*b + 88, y*w - 3*w - 66 = 5*b. Calculate the remainder when w is divided by 6.
4
Calculate the remainder when (2*(-97)/4)/(1/(-2)) is divided by 15.
7
Suppose x + 245 = 6*x. Suppose -x*c + 54*c - 275 = 0. Calculate the remainder when c is divided by (-2)/(-2 - 72/(-38)).
17
Suppose 33 = t - 4*i, 3*t + 4*i = -i + 48. Let p(g) = g**3 + 9*g**2 + 2*g + 2. Let f be p(-4). What is the remainder when t is divided by (-10)/45 - f/(-9)?
5
Let t = 173 + -104. Let f be (((-208)/4)/(-4))/(-1). Let p = 5 - f. Calculate the remainder when t is divided by p.
15
Calculate the remainder when ((-14)/(-4) - 3)/(2/560) is divided by 25.
15
Suppose 5*l + 6 - 31 = 0. Suppose l*g + 4*a = -14 + 97, g - 4*a - 7 = 0. Calculate the remainder when 165/6 + 1/(-2) is divided by g.
12
Let i = 467 + -148. Calculate the remainder when i is divided by 40.
39
Suppose 3*k = -k - 2*i + 1548, 0 = -2*k + 5*i + 762. What is the remainder when k is divided by 17?
12
Suppose 10 = 2*h - h. What is the remainder when (-109 + 72)*(-1 - (0 - 0)) is divided by h?
7
Let p(j) = -j**3 + 5*j**2 + 9*j - 8. Suppose 24*u - 60 = 852. What is the remainder when u is divided by p(6)?
8
Suppose -7*d = -4*d. Suppose d*k = 4*k + 16. Calculate the remainder when 58 is divided by (k + 4)/1 - -30.
28
Suppose w - 1 = -2, 5 = g - 3*w. Suppose 80 = g*h - 42. What is the remainder when h is divided by 9?
7
Let c = 286 - 202. What is the remainder when c is divided by 18*1 - 1/1?
16
Suppose 0 = -2*j + 4*o + 63 - 3, -3*j - 5*o + 101 = 0. Calculate the remainder when j is divided by 20.
12
Suppose 10*z - 260 = -30. Let a(u) = 896*u. Let t be a(-4). What is the remainder when t/(-40) + 4/10 is divided by z?
21
Suppose -4*v = 3*m - 35, -3*v + 6*v - 25 = -m. What is the remainder when v/52 + (-1816)/(-26) is divided by 24?
22
Let h(p) = -2*p**2 - 8*p - 9. Let u be h(-7). What is the remainder when 2/(-3) - (-196)/6 is divided by u*(4/16)/((-3)/4)?
15
What is the remainder when 106 is divided by 38*(-4)/((-32)/8)?
30
What is the remainder when 23 is divided by (3/2)/(111/1036)?
9
Calculate the remainder when 69 + 3 + 0 - -2 is divided by (-146)/(-7) + -6 - 2/(-14).
14
Let t = 37 + -23. Let b = 4 + 5. Calculate the remainder when t is divided by b.
5
Let r = -12 - 13. Let u = 84 + r. Let a(s) = -s**2 + 9*s + 2. Calculate the remainder when u is divided by a(6).
19
Suppose -5*q - 3*q + 440 = 0. Suppose 5*a - 6*a + 4 = 0. Suppose q = 9*i - a*i. Calculate the remainder when i is divided by 6.
5
Suppose 5*n - 3*n = -4. Let p be (-52)/20 - n/(-5). Calculate the remainder when p/(9/60*-1) is divided by 7.
6
Let r be 11 + 0 + (4 - 1). What is the remainder when (39/7 - 3)/(2/r) is divided by 11?
7
Suppose 134 = 53*l - 54*l. Let a = -95 - l. What is the remainder when a is divided by 12?
3
Suppose -119 = -4*j - 99. Suppose -27 = j*r - 2*f - 238, -r + 50 = -3*f. What is the remainder when 79 is divided by r?
38
What is the remainder when 140 is divided by (-149)/(-6) + 370/(-444)?
20
Suppose 0 = -21*a - 43*a + 96896. What is the remainder when a is divided by 41?
38
What is the remainder when 43 is divided by 2 + (-27)/9 + 3?
1
Suppose v = p + 2*v - 19, 2*p - 54 = 2*v. Suppose -5*d + p + 47 = 0. What is the remainder when 67 is divided by d?
11
Suppose -266 = -2*g - 0*g. Suppose n = -s + 30, -5*n + 6*s = 2*s - 123. Calculate the remainder when g is divided by n.
25
Suppose -218*s = -240*s + 176. Suppose -2*i + 7 + 13 = 0. Calculate the remainder when i is divided by s.
2
Suppose -19*b + 46 + 220 = 0. Let f be 761/3 + 2/6. Suppose f = 4*y - 18. What is the remainder when y is divided by b?
12
Suppose 0 = 2*j + 3*j + 365. Calculate the remainder when ((-24)/(-3))/(-2) - j is divided by 18.
15
Let u = 14 - 12. Suppose 0 = -c - u*c + 18. Let p(g) = g**3 - 5*g**2 - 4*g + 2. Calculate the remainder when p(c) is divided by 4.
2
Suppose 1 = -2*c + 9. Let x be 4*24/(-7 - -13). Suppose -c*n = -20 - x. What is the remainder when 25 is divided by n?
7
Calculate the remainder when 1341/15 - 6/(-10) is divided by 69*(3/(-18) - (-6)/12).
21
Suppose -2*a - 4 = -3*a. Suppose -a*r + 1 = -7. Calculate the remainder when 22 is divided by 15/2 - (-1)/r.
6
Suppose -3*m = 2*m. Suppose -3*n + 5*n - 116 = m. Suppose x = n + 17. Calculate the remainder when x is divided by 19.
18
Calculate the remainder when 269 is divided by 1*(2 + -4)*68/(-2).
65
Let s = -19 - -11. What is the remainder when 0 - (-12)/s*-22 is divided by 9?
6
Suppose x - 4*j = -4 + 12, 4*x - 18 = 2*j. Let w(p) be the second derivative of 2*p**3/3 + 3*p**2/2 - 4*p. Calculate the remainder when 73 is divided by w(x).
16
Suppose -3506 = -36*h + 382. Calculate the remainder when h is divided by 44.
20
Suppose -16 = -r - 2. What is the remainder when (-51)/(-6) + 21/r is divided by 3?
1
What is the remainder when (-8 + 18)/(-60) - 2563/(-6) is divided by 39?
37
Let d(c) = -c**2 - 33*c - 44. What is the remainder when d(-26) is divided by 44?
6
Suppose -16*d + 14*d - 5*n = -113, 2*n = 6. What is the remainder when d is divided by 48?
1
Let s(a) = 3*a**2 + a - 1. Let w be s(1). Suppose m + c = -w*c + 16, 2*c - 2 = m. Calculate the remainder when 7 is divided by (-6)/m - (-91)/14.
2
Let m(a) = 15*a - 111. What is the remainder when 85 is divided by m(9)?
13
Suppose -4*o + 1330 - 558 = 0. What is the remainder when o is divided by 61?
10
Let b(r) be the third derivative of -r**5/60 - 19*r**4/24 - 13*r**3/3 + 37*r**2. Calculate the remainder when 86 is divided by b(-16).
20
Let m be 18/9 + (0 - 2). Suppose 5*g - 2*f + 0*f - 11 = 0, m = 5*g - 4*f - 17. What is the remainder when 3 is divided by g?
0
Let v be 72/(-9)*(-2)/4. Suppose 2*t = s + 5, -v*s - 16 = -2*t - 2*t. Calculate the remainder when 15 is divided by -7 + 5 - (-5 - t).
3
Suppose -200 = -5*s - 5*l, -3*s + 3*l + 80 = -28. Suppose 0 = k - 25 + 4. Let c = -8 + k. Calculate the remainder when s is divided by c.
12
Suppose 359*d + 45 = 360*d. Calculate the remainder when d is divided by 29.
16
Let x = 404 - 364. What is the remainder when 68 is divided by x?
28
Suppose 0 = -3*l + 137 + 1. Let d = 30 - 30. Suppose y - 4*o = 2*y - 4, y - 2*o - 16 = d. What is the remainder when l is divided by y?
10
Let w(z) = -3*z + 14. What is the remainder when 86 is divided by w(-10)?
42
Let u be 69/(-2) - 4/(-24)*-3. Let a = -9 - u. What is the remainder when a is divided by 2/(-8) - (-29)/4?
5
Suppose y - 4*y = -6. Let p = -8 - -2. Let o = -1 - p. What is the remainder when o is divided by y?
1
Let b(z) = -z**2 - 47*z - 488. What is the remainder when 425 is divided by b(-18)?
17
Let v = -2 + 4. Suppose 4*y + 45 = 9*y. What is the remainder when 8 is divided by v/y + (-125)/(-45)?
2
Suppose -4*x = 5*u - 18, -u + 3*x = -2*x + 8. What is the remainder when 7 is divided by u?
1
Let t(c) = 8*c + 60. What is the remainder when t(21) is divided by 46?
44
Let y = 17 + -13. Suppose 0 = y*m - 229 + 49. What is the remainder when 88 is divided by m?
43
Calculate the remainder when 20/(-14)*(20 + -76) is divided by 33.
14
Let i = 55 + -38. Calculate the remainder when (-304)/(-6) + (-2)/3 is divided by i.
16
Let t = 9 - 4. Calculate the remainder when (-3)/5 + 1/((-20)/(-252)) is divided by t.
2
Let u(f) = 5*f**2 + f - 2. Calculate the remainder when ((-12)/((-288)/136))/((-2)/(-24)) is divided by u(2).
8
Suppose 3*n + 434 = 34*n. Calculate the remainder when 126 is divided by n.
0
Let f = -25 + 62. Calculate the remainder when 124 is divided by 10/65 - f/(-13) - -29.
28
Let j(s) = 2*s**2 - 19*s + 4. Let k be j(10). Suppose 3*w - 26 = -h + 8, h = -w + k. What is the remainder when 29 is divided by w?
9
Let i(l) = 6*l. Let u = 23 - 18. Suppose 7*q - u = 3*h + 3*q, 4*h + 4*q = 40. What is the remainder when i(2) is divided by h?
2
Let t(n) = -94*n + 4. Calculate the remainder when 16 is divided by t(0).
0
Let y(d) = 7*d + 7. Suppose -10*j + 2*n - 44 = -15*j, j = -2*n + 4. What is the remainde